6387288. Calculate u(33).
16
Let h(r) = 2*r**3 - 529*r**2 + 285*r - 5567. What is h(264)?
-23
Let p(y) = -3*y**3 - 68*y**2 - 176*y - 2831. Give p(-22).
73
Let d(c) = -350*c - 334604. Give d(-956).
-4
Let o(z) = -z**3 - 153*z**2 - 153*z - 654. What is o(-152)?
-502
Let f(i) = i**2 - 2383*i - 787034. What is f(-294)?
4
Let f(v) = 1981*v + 184221. Determine f(-93).
-12
Let v(t) = -7*t**3 + 9*t**2 - 37*t + 157. Calculate v(4).
-295
Let t(y) = 6*y**3 - 253*y**2 + 44*y + 29. Calculate t(42).
113
Let c(k) = 36*k**3 + 11*k**2 - 24*k + 3. Give c(-4).
-2029
Let h(i) = -105*i**3 + 15302*i - 15301. What is h(1)?
-104
Let n(a) = 3202*a + 118760. What is n(-37)?
286
Let a(x) = -80*x - 129. What is a(-15)?
1071
Let l(s) = -s**3 + 525*s**2 - 43139*s - 2951. Give l(423).
10
Let g(b) = -1599*b + 508470. Give g(318).
-12
Let h(x) = 2*x**2 - 532*x - 22467. Give h(303).
-45
Let y(j) = -21661*j - 66609. Determine y(-3).
-1626
Let d(f) = 16*f**2 - 1500*f - 1879. What is d(95)?
21
Let w(i) = -151653*i + 1061587. Give w(7).
16
Let r(v) = -489*v - 5586. Determine r(-12).
282
Let v(i) = 512*i**2 + 5669*i + 92. Determine v(-11).
-315
Let x(p) = 28*p**2 + 1045*p + 1343. Give x(-36).
11
Let v(k) = -2*k**3 + 20*k**2 - 91*k + 340. Calculate v(7).
-3
Let w(y) = 2839*y - 28409. What is w(10)?
-19
Let h(g) = -3909*g + 535450. Calculate h(137).
-83
Let p(m) = 408908*m + 6951448. What is p(-17)?
12
Let k(j) = 41*j**3 + j**2 - 5855*j + 5856. Give k(1).
43
Let r(u) = -2*u**3 - 921*u**2 + 8934*u + 1812. What is r(-470)?
-68
Let b(m) = -2417*m + 28924. Give b(12).
-80
Let p(d) = 6*d**2 + 414*d + 199. Give p(-71).
1051
Let g(a) = 46*a**2 - 6303*a - 55. Calculate g(137).
-192
Let l(o) = -551*o - 41304. Determine l(-75).
21
Let n(v) = -3147*v**2 + 12230*v - 5. Calculate n(4).
-1437
Let s(k) = k**3 + 387*k**2 - 623*k + 60290. What is s(-389)?
-5
Let o(g) = 1029*g + 4950. What is o(-5)?
-195
Let g(l) = -67*l - 3444. Give g(-52).
40
Let d(s) = -5*s**3 - 96*s**2 - 110*s - 1712. Calculate d(-19).
17
Let m(v) = -v**3 - 84*v**2 + 1476*v + 8. Give m(15).
-127
Let x(u) = -34*u**3 + 3286*u**2 - 8461*u + 90. Give x(94).
-4
Let v(w) = 3*w**3 - 780*w**2 + 31506*w - 299. Determine v(50).
1
Let l(u) = -u**3 + 23*u**2 + 125*u + 2543. What is l(30)?
-7
Let a(w) = 830*w**2 + 2467*w - 57. Determine a(-3).
12
Let g(q) = -8183*q - 49183. Give g(-6).
-85
Let p(l) = -l**3 + 18*l**2 + 1608*l + 284. Give p(-32).
28
Let t(h) = -26*h**2 - 53*h - 204. Calculate t(-7).
-1107
Let z(g) = 2032*g - 619751. Calculate z(305).
9
Let b(y) = y**3 - 173*y**2 + 654*y + 3709. What is b(169)?
-9
Let d(s) = -5*s**2 + 2251*s - 49023. Determine d(23).
105
Let p(j) = 21*j**3 - j**2 - 11*j - 24. Calculate p(0).
-24
Let u(d) = 2*d**2 + 186*d + 4423. Calculate u(-32).
519
Let x(u) = -381*u - 129552. What is x(-340)?
-12
Let p(r) = r**2 + 326*r + 26130. What is p(-184)?
2
Let b(l) = l**3 + 12*l**2 + 200*l + 2444. What is b(-15)?
-1231
Let c(a) = 415*a**3 + 134*a**2 + 5*a - 2. Calculate c(2).
3864
Let y(i) = 1122*i + 77431. Calculate y(-69).
13
Let k(h) = -h**2 + 327*h - 28394. What is k(152)?
-1794
Let s(r) = -9276*r + 55610. Give s(6).
-46
Let u(z) = -3*z**3 - 9*z**2 - 20*z - 1645. Determine u(-9).
-7
Let h(g) = 3*g**3 - 2*g**2 - 4*g + 652. Give h(0).
652
Let z(u) = 2*u**2 - 214*u - 5429. Determine z(126).
-641
Let g(l) = 24*l**2 - 772*l + 873. Determine g(31).
5
Let f(o) = -o**2 - 14*o - 57. What is f(-4)?
-17
Let r(u) = 1828*u + 84435. Determine r(-46).
347
Let p(o) = -9273*o + 370928. Calculate p(40).
8
Let a(b) = -13*b**2 + 5198*b + 26010. Give a(-5).
-305
Let v(i) = -i**3 - 603*i**2 - 1816*i - 9588. Determine v(-600).
12
Let k(l) = 281*l - 40097. What is k(139)?
-1038
Let u(r) = 50724*r - 6847759. Calculate u(135).
-19
Let d(y) = -257*y + 3297. Determine d(15).
-558
Let q(g) = -17573*g + 263633. Give q(15).
38
Let p(v) = v**3 - 37*v**2 + 441*v - 1739. What is p(10)?
-29
Let m(g) = -37457*g - 561857. What is m(-15)?
-2
Let u(m) = -2*m**3 - 45*m**2 + 366*m + 4109. Calculate u(-7).
28
Let h(g) = -1060*g**2 - 2107*g + 24. What is h(-2)?
-2
Let f(s) = s**3 - 250*s**2 - 975*s - 10390. Give f(254).
24
Let k(x) = 8*x**3 + 6*x**2 + 18*x - 17. Determine k(1).
15
Let u(b) = -b**2 + 1893*b - 48519. Determine u(26).
23
Let u(z) = -72*z**2 + 167*z + 828. What is u(-6)?
-2766
Let g(u) = -u**2 - 4655*u - 60365. What is g(-13)?
-19
Let n(q) = 1293*q + 3766. What is n(-3)?
-113
Let o(j) = 2*j**3 + 258*j**2 + 3810*j + 32. Calculate o(-17).
-2
Let u(t) = -2231*t**2 + 4402*t + 16. Calculate u(2).
-104
Let b(g) = -15*g**2 + 206*g + 7135. What is b(-16)?
-1
Let w(z) = 356*z**2 + 40585*z + 102. What is w(-114)?
-12
Let k(i) = -i**3 + 21*i**2 - 86*i + 156. Determine k(6).
180
Let i(u) = 2*u**2 + 829*u + 56979. Give i(-87).
-6
Let t(y) = 2*y**2 - 2247*y - 59473. Determine t(-26).
301
Let z(v) = -774*v - 5441. Calculate z(-6).
-797
Let j(t) = -10475*t + 20503. Give j(2).
-447
Let h(l) = 557*l + 9996. Give h(-19).
-587
Let j(i) = -7590*i**2 + 45518*i - 17. Give j(6).
-149
Let g(o) = -5317*o + 675553. What is g(127)?
294
Let w(i) = 200*i**2 - 60*i - 52. Calculate w(-1).
208
Let z(u) = 1418*u + 198959. Determine z(-140).
439
Let i(g) = 38561*g - 192718. Give i(5).
87
Let o(t) = -4*t**3 + 30*t**2 - 25*t - 60. Calculate o(5).
65
Let p(a) = -472*a + 3175. Give p(5).
815
Let u(p) = -18*p - 368. What is u(-17)?
-62
Let q(g) = -2517*g + 4969. Give q(2).
-65
Let u(n) = 432962*n - 6927379. Give u(16).
13
Let z(p) = 49*p**2 + 121*p + 533. What is z(-9)?
3413
Let f(c) = -8*c**3 + 314*c**2 + 3364*c - 195. Give f(48).
-3
Let u(j) = -9966*j - 7364887. Determine u(-739).
-13
Let k(p) = -83935*p - 167864. What is k(-2)?
6
Let w(z) = -z**2 + 899*z + 17451. Determine w(-19).
9
Let t(g) = 3901*g - 6225988. Give t(1596).
8
Let k(i) = -1564*i + 20089. Determine k(13).
-243
Let l(h) = 6*h**3 + 6*h**2 + 159*h + 322. What is l(-2)?
-20
Let a(r) = -r**3 + 14*r**2 + 70*r - 872. Determine a(15).
-47
Let l(s) = 8218*s - 509255. Calculate l(62).
261
Let i(z) = 656306*z - 10500904. Give i(16).
-8
Let t(g) = 153*g**3 - 1530*g**2 + 30*g - 227. What is t(10)?
73
Let z(g) = 5*g**2 + 73*g - 97371. What is z(-147)?
-57
Let n(k) = -13*k**3 + 31434*k**2 - 94188*k + 7249. What is n(2415)?
4
Let p(k) = 22423*k + 583019. What is p(-26)?
21
Let s(t) = -4*t - 303. What is s(-69)?
-27
Let p(t) = -4*t**2 + 71*t + 643. What is p(8)?
955
Let x(w) = -5*w**3 + 44*w**2 - 1434*w + 12974. What is x(9)?
-13
Let a(d) = -5*d**2 + 109*d + 530. What is a(26)?
-16
Let k(w) = -4*w**3 + 102*w**2 - 336*w + 9. Give k(4).
41
Let y(o) = 12*o**2 - 222*o - 2127. Give y(26).
213
Let h(g) = -69*g - 4656. Determine h(-68).
36
Let r(n) = n**2 - 895*n - 313103. Determine r(-269).
13
Let g(i) = 143*i**2 + 3002*i - 144. Determine g(-21).
-123
Let z(r) = -43754*r - 131303. What is z(-3)?
-41
Let l(i) = -2459*i - 8. Give l(0).
-8
Let f(l) = -2*l**3 + 30*l**2 + 65*l - 468. Calculate f(16).
60
Let i(w) = -11614*w + 116107. Give i(10).
-33
Let v(s) = 831*s + 22495. Calculate v(-26).
889
Let c(k) = k**3 + 31*k**2 - 247*k - 441. Determine c(-37).
484
Let s(x) = -7*x**3 - 7383*x**2 - 5284*x - 14839. What is s(-1054)?
-83
Let b(a) = a**2 + 4315*a + 43046. Calculate b(-10).
-4
Let j(o) = 2*o**3 - 217*o**2 - 1106*o + 36067. Determine j(112).
3
Let f(t) = t**3 + 1049*t**2 - 17177*t - 145942. Determine f(-1065).
-37
Let y(d) = 8*d**2 + 634*d + 1888. Calculate y(-3).
58
Let d(x) = -4*x**3 + 197*x**2 + 264*x - 15345. Determine d(49).
-8
Let m(x) = 35*x - 2183. What is m(43)?
-678
Let x(o) = 5487*o + 82312. Give x(-15).
7
Let i(k) = k**3 - 112*k**2 - 167*k + 113. Give i(-2).
-9
Let q(f) = -114*f + 85. Calculate q(-4).
541
Let u(i) = -440*i**2 - 167653*i - 4965. Calculate u(-381).
-12
Let g(j) = j**2 - 915*j + 98000. Calculate g(125).
-750
Let o(z) = -z**2 - 251*z - 12206. Give o(-185).
4
Let s(i) = -3*i**3 + 1791*i**2 + 5372*i - 17. Give s(-3).
67
Let u(d) = 2735*d - 1162380. Give u(425).
-5
Let n(t) = t**2 + 272443*t - 9536743. Determine n(35).
-13
Let c(x) = 728710*x + 3643520. Calculate c(-5).
-30
Let i(z) = -2*z**2 + 514*z - 21695. What is i(53)?
-71
Let x(p) = p**3 - 34*p**2 - 516*p + 16993. Give x(35).
158
Let p(q) = 4*q**3 - 1205*q**2 - 4573*q - 623. Determine p(305).
-13
Let d(l) = -2*l**2 - 90*l - 476. Calculate d(-28).
476
Let l(i